2, 5, 173, 1279
What are the prime factors of 497560?
2, 5, 7, 1777
List the prime factors of 729259.
269, 2711
What are the prime factors of 209709?
3, 863
What are the prime factors of 8704259?
41, 47, 4517
What are the prime factors of 3870170?
2, 5, 387017
What are the prime factors of 1190603?
397, 2999
What are the prime factors of 583094?
2, 291547
List the prime factors of 3460903.
103, 33601
List the prime factors of 375580.
2, 5, 89, 211
List the prime factors of 94622.
2, 11, 17, 23
List the prime factors of 9758.
2, 7, 17, 41
List the prime factors of 6556737.
3, 11, 198689
List the prime factors of 6268811.
23, 191, 1427
What are the prime factors of 8898445?
5, 1779689
What are the prime factors of 323753?
263, 1231
List the prime factors of 7385945.
5, 7, 41, 5147
List the prime factors of 2023875.
3, 5, 7, 257
What are the prime factors of 994148?
2, 248537
What are the prime factors of 7317234?
2, 3, 406513
What are the prime factors of 2033668?
2, 7, 13, 37, 151
List the prime factors of 225628.
2, 13, 4339
What are the prime factors of 67342?
2, 11, 3061
What are the prime factors of 4050690?
2, 3, 5, 7, 19289
What are the prime factors of 40672770?
2, 3, 5, 1355759
List the prime factors of 112137.
3, 37379
List the prime factors of 2271494.
2, 31, 36637
What are the prime factors of 76866?
2, 3, 23, 557
List the prime factors of 708524.
2, 177131
What are the prime factors of 1444987?
103, 14029
List the prime factors of 17202922.
2, 11, 781951
List the prime factors of 1341634.
2, 7, 61, 1571
List the prime factors of 5592583.
593, 9431
List the prime factors of 856666.
2, 557, 769
What are the prime factors of 106915?
5, 21383
What are the prime factors of 4958094?
2, 3, 826349
What are the prime factors of 5594824?
2, 179, 3907
What are the prime factors of 18115905?
3, 5, 1207727
List the prime factors of 9440280.
2, 3, 5, 8741
What are the prime factors of 11170882?
2, 1223, 4567
What are the prime factors of 13767301?
1579, 8719
List the prime factors of 26581562.
2, 7, 137, 13859
List the prime factors of 1750717.
19, 92143
What are the prime factors of 237947?
37, 59, 109
List the prime factors of 2287268.
2, 53, 10789
What are the prime factors of 41308?
2, 23, 449
List the prime factors of 1281592.
2, 13, 12323
List the prime factors of 1787877.
3, 7, 13, 37, 59
What are the prime factors of 47733?
3, 7, 2273
What are the prime factors of 613045?
5, 122609
List the prime factors of 18504904.
2, 11, 210283
What are the prime factors of 13010965?
5, 11, 236563
List the prime factors of 709059.
3, 13, 18181
List the prime factors of 232647.
3, 77549
List the prime factors of 420490.
2, 5, 7, 6007
List the prime factors of 7346871.
3, 7, 277, 421
List the prime factors of 95671.
29, 3299
List the prime factors of 50666.
2, 7, 11, 47
List the prime factors of 132909.
3, 7, 6329
List the prime factors of 1672736.
2, 13, 4021
What are the prime factors of 228199?
228199
List the prime factors of 3995403.
3, 1331801
What are the prime factors of 2591686?
2, 23, 103, 547
List the prime factors of 205432.
2, 25679
List the prime factors of 443125.
5, 709
List the prime factors of 14602575.
3, 5, 13, 17, 881
What are the prime factors of 3370673?
23, 101, 1451
What are the prime factors of 159654?
2, 3, 11, 41, 59
List the prime factors of 1865201.
13, 143477
List the prime factors of 1355641.
7, 193663
List the prime factors of 17209859.
17209859
List the prime factors of 2441669.
43, 56783
What are the prime factors of 375995?
5, 139, 541
What are the prime factors of 13018187?
7, 13, 29, 4933
What are the prime factors of 548984?
2, 163, 421
List the prime factors of 4094121.
3, 263, 5189
List the prime factors of 5479195.
5, 1095839
What are the prime factors of 10227765?
3, 5, 43, 101, 157
What are the prime factors of 32629656?
2, 3, 47, 28927
What are the prime factors of 754713?
3, 83857
What are the prime factors of 604251?
3, 67139
What are the prime factors of 11200747?
19, 23, 71
List the prime factors of 1907906.
2, 7, 11, 13, 953
List the prime factors of 506587.
67, 7561
List the prime factors of 1058257.
1058257
List the prime factors of 1411413.
3, 470471
List the prime factors of 804686.
2, 402343
What are the prime factors of 7912251?
3, 73, 12043
List the prime factors of 97356.
2, 3, 7, 19, 61
What are the prime factors of 2395920?
2, 3, 5, 67, 149
What are the prime factors of 1876990?
2, 5, 187699
List the prime factors of 19128602.
2, 9564301
What are the prime factors of 9381511?
1301, 7211
List the prime factors of 4256101.
4256101
List the prime factors of 3934372.
2, 13, 29, 2609
List the prime factors of 723425.
5, 19, 1523
List the prime factors of 1893673.
19, 99667
List the prime factors of 232518.
2, 3, 11, 13, 271
List the prime factors of 255676.
2, 41, 1559
What are the prime factors of 11296918?
2, 5648459
What are the prime factors of 3171918?
2, 3, 503, 1051
What are the prime factors of 9231925?
5, 179, 2063
What are the prime factors of 1773156?
2, 3, 7, 11, 19, 101
List the prime factors of 1019568.
2, 3, 11, 1931
List the prime factors of 215206.
2, 107603
What are the prime factors of 514354?
2, 257177
What are the prime factors of 826837?
11, 75167
List the prime factors of 10299031.
29, 355139
List the prime factors of 134077.
134077
What are the prime factors of 36544162?
2, 18272081
List the prime factors of 613552.
2, 31, 1237
What are the prime factors of 2572888?
2, 321611
What are the prime factors of 303808?
2, 47, 101
List the prime factors of 116029.
29, 4001
List the prime factors of 7546049.
7, 154001
What are the prime factors of 1765888?
2, 3449
What are the prime factors of 63071?
59, 1069
List the prime factors of 480164.
2, 120041
List the prime factors of 424040.
2, 5, 10601
List the prime factors of 454420.
2, 5, 22721
What are the prime factors of 30340156?
2, 7, 11, 98507
What are the prime factors of 185850?
2, 3, 5, 7, 59
List the prime factors of 1927917.
3, 214213
List the prime factors of 51220.
2, 5, 13, 197
What are the prime factors of 918308?
2, 19, 43, 281
List the prime factors of 2642391.
3, 293599
What are the prime factors of 4361733?
3, 83, 5839
List the prime factors of 35056.
2, 7, 313
What are the prime factors of 6373900?
2, 5, 13, 4903
What are the prime factors of 2192388?
2, 3, 11, 17, 977
List the prime factors of 18947651.
401, 47251
What are the prime factors of 226424?
2, 11, 31, 83
List the prime factors of 11000440.
2, 5, 11, 23, 1087
What are the prime factors of 213670?
2, 5, 23, 929
List the prime factors of 323262.
2, 3, 17959
What are the prime factors of 2497797?
3, 19, 541
What are the prime factors of 6681087?
3, 7, 173, 613
List the prime factors of 64070.
2, 5, 43, 149
What are the prime factors of 61042?
2, 23, 1327
List the prime factors of 137135.
5, 27427
List the prime factors of 614384.
2, 19, 43, 47
List the prime factors of 5143328.
2, 97, 1657
List the prime factors of 1742704.
2, 17, 43, 149
What are the prime factors of 1000249?
1000249
What are the prime factors of 3559439?
13, 273803
List the prime factors of 439087.
11, 179, 223
What are the prime factors of 332288?
2, 11, 59
What are the prime factors of 2055760?
2, 5, 7, 3671
List the prime factors of 570009.
3, 11, 23, 751
List the prime factors of 667068.
2, 3, 55589
What are the prime factors of 2023212?
2, 3, 168601
List the prime factors of 130653.
3, 1613
List the prime factors of 144423.
3, 1783
What are the prime factors of 3308206?
2, 11, 150373
What are the prime factors of 50004?
2, 3, 463
List the prime factors of 1226632.
2, 11, 53, 263
List the prime factors of 154188.
2, 3, 4283
List the prime factors of 191616.
2, 3, 499
List the prime factors of 5164519.
5164519
List the prime factors of 2806634.
2, 1087, 1291
What are the prime factors of 71343?
3, 7927
List the prime factors of 802489.
73, 10993
List the prime factors of 1596705.
3, 5, 11, 9677
What are the prime factors of 141723?
3, 29, 181
List the prime factors of 914646.
2, 3, 152441
What are the prime factors of 1124394?
2, 3, 67, 2797
List the prime factors of 268190.
2, 5, 13, 2063
What are the prime factors of 4232271?
3, 1410757
List the prime factors of 24941422.
2, 11, 3